{"id":2,"date":"2022-01-21T16:19:29","date_gmt":"2022-01-21T15:19:29","guid":{"rendered":"http:\/\/pcoi.yt\/?page_id=2"},"modified":"2022-01-22T18:29:29","modified_gmt":"2022-01-22T17:29:29","slug":"page-d-exemple","status":"publish","type":"page","link":"https:\/\/pcoi.yt\/?page_id=2","title":{"rendered":"Citations"},"content":{"rendered":"\n<p><p>\u00c0 propos<\/p>\n<p>&nbsp;<\/p><\/p>\n\n\n\n<blockquote class=\"wp-block-quote is-layout-flow wp-block-quote-is-layout-flow\"><p>Si vous connaissez une petite voiture dans laquelle on se sente aussi bien prot\u00e9g\u00e9, aussi confortable que dans une grande, t\u00e9l\u00e9phonez-moi.<br><br><\/p><p>Francis Blanche<\/p><\/blockquote>\n\n\n\n<p>&nbsp;<\/p>\n\n\n\n<blockquote class=\"wp-block-quote is-layout-flow wp-block-quote-is-layout-flow\"><p>J&#8217;\u00e9tais trop jeune pour avoir une voiture, donc je faisais l&#8217;amour avec mes copines sur la banquette arri\u00e8re de ma bicyclette.<br><br><\/p><p>Woody Allen<\/p><\/blockquote>\n\n\n\n<blockquote class=\"wp-block-quote is-layout-flow wp-block-quote-is-layout-flow\"><p>Un pi\u00e9ton est un monsieur qui va chercher sa voiture.<\/p><p><br>Fr\u00e9d\u00e9ric Dard<\/p><\/blockquote>\n\n\n\n<blockquote class=\"wp-block-quote is-layout-flow wp-block-quote-is-layout-flow\"><p>Pour attirer les hommes, je porte un parfum qui s&#8217;appelle \u201cInt\u00e9rieur de voiture neuve\u201d !<br><br><\/p><p>Rita Rudner<\/p><\/blockquote>\n\n\n<p>&nbsp;<\/p>\n\n\n<p><strong><em>Toujours conduire prudemment !<\/em><\/strong><\/p>\n\n\n<p>&nbsp;<\/p>","protected":false},"excerpt":{"rendered":"<p>\u00c0 propos &nbsp; Si vous connaissez une petite voiture dans laquelle on se sente aussi bien prot\u00e9g\u00e9, aussi confortable que dans une grande, t\u00e9l\u00e9phonez-moi. Francis Blanche &nbsp; J&#8217;\u00e9tais trop jeune pour avoir une voiture, donc je faisais l&#8217;amour avec mes copines sur la banquette arri\u00e8re de ma bicyclette. Woody Allen&hellip; <\/p>\n<p class=\"link-more\"><a href=\"https:\/\/pcoi.yt\/?page_id=2\" class=\"more-link\">Lire la suite\u00a0<span class=\"screen-reader-text\">Citations<\/span><\/a><\/p>\n","protected":false},"author":1,"featured_media":0,"parent":0,"menu_order":0,"comment_status":"closed","ping_status":"open","template":"","meta":{"_regular_price":[],"currency_symbol":[],"footnotes":""},"class_list":["post-2","page","type-page","status-publish","hentry"],"post_slider_layout_featured_media_urls":{"thumbnail":"","post_slider_layout_landscape_large":"","post_slider_layout_portrait_large":"","post_slider_layout_square_large":"","post_slider_layout_landscape":"","post_slider_layout_portrait":"","post_slider_layout_square":"","full":""},"_links":{"self":[{"href":"https:\/\/pcoi.yt\/index.php?rest_route=\/wp\/v2\/pages\/2","targetHints":{"allow":["GET"]}}],"collection":[{"href":"https:\/\/pcoi.yt\/index.php?rest_route=\/wp\/v2\/pages"}],"about":[{"href":"https:\/\/pcoi.yt\/index.php?rest_route=\/wp\/v2\/types\/page"}],"author":[{"embeddable":true,"href":"https:\/\/pcoi.yt\/index.php?rest_route=\/wp\/v2\/users\/1"}],"replies":[{"embeddable":true,"href":"https:\/\/pcoi.yt\/index.php?rest_route=%2Fwp%2Fv2%2Fcomments&post=2"}],"version-history":[{"count":7,"href":"https:\/\/pcoi.yt\/index.php?rest_route=\/wp\/v2\/pages\/2\/revisions"}],"predecessor-version":[{"id":90,"href":"https:\/\/pcoi.yt\/index.php?rest_route=\/wp\/v2\/pages\/2\/revisions\/90"}],"wp:attachment":[{"href":"https:\/\/pcoi.yt\/index.php?rest_route=%2Fwp%2Fv2%2Fmedia&parent=2"}],"curies":[{"name":"wp","href":"https:\/\/api.w.org\/{rel}","templated":true}]}}